{"id":29,"date":"2017-06-15T15:45:55","date_gmt":"2017-06-15T13:45:55","guid":{"rendered":"http:\/\/fi.olemollenhauer.de\/?page_id=29"},"modified":"2024-11-13T11:29:11","modified_gmt":"2024-11-13T10:29:11","slug":"contact","status":"publish","type":"page","link":"https:\/\/www.faserinstitut.de\/en\/contact\/","title":{"rendered":"Contact"},"content":{"rendered":"<p>[vc_row][vc_column][vc_column_text]<\/p>\n<h1>Contact<\/h1>\n<p>[\/vc_column_text][\/vc_column][\/vc_row][vc_row][vc_column width=&#8221;1\/4&#8243;][vc_column_text]<\/p>\n<p><strong>Address<\/strong><br \/>\nFaserinstitut Bremen e.V.<br \/>\nGeb\u00e4ude IW3<br \/>\nAm Biologischen Garten 2<br \/>\n28359 Bremen | Germany<\/p>\n<p>[\/vc_column_text][\/vc_column][vc_column width=&#8221;1\/4&#8243;][vc_column_text]<\/p>\n<p><strong>Director<\/strong><br \/>\nProf. Dr.-Ing. habil. David May<br \/>\nTel.: +49 421 218 58701<br \/>\nFax: +49 421 218 58710<br \/>\neMail: sekretariat@faserinstitut.de<\/p>\n<p>[\/vc_column_text][\/vc_column][vc_column width=&#8221;1\/4&#8243;][vc_column_text]<\/p>\n<p><strong>Testing Laboratory Cotton\/Wool<\/strong><br \/>\nBremer Baumwollb\u00f6rse<br \/>\nWachtstrasse 17-24<br \/>\n28195 Bremen | Germany<br \/>\nDr. Ern\u00f6 S\u00e0ndor N\u00e9m\u00e8th<br \/>\nTel.: +49 421 339 7017<br \/>\nE-Mail: nemeth@faserinstitut.de<\/p>\n<p>[\/vc_column_text][\/vc_column][vc_column width=&#8221;1\/4&#8243;][vc_column_text]<\/p>\n<p><strong>ECOMAT<\/strong><br \/>\nCornelius-Edzard-Str. 15<br \/>\n28199 Bremen<\/p>\n<p>[\/vc_column_text][\/vc_column][\/vc_row][vc_row][vc_column][vc_empty_space height=&#8221;128px&#8221;][\/vc_column][\/vc_row][vc_row][vc_column][vc_column_text]<\/p>\n<h6><\/h6>\n<h6><\/h6>\n<h6>Copyright: Header-Picture 1: Harald Rehling \/ Universit\u00e4t Bremen, Header-Picture 2: Baumwollb\u00f6rse Bremen, Header-Picture 3: ECOMAT\/Raveling<\/h6>\n<p>[\/vc_column_text][\/vc_column][\/vc_row]<\/p>\n","protected":false},"excerpt":{"rendered":"<p>[vc_row][vc_column][vc_column_text] Contact [\/vc_column_text][\/vc_column][\/vc_row][vc_row][vc_column width=&#8221;1\/4&#8243;][vc_column_text] Address Faserinstitut Bremen e.V. Geb\u00e4ude IW3 Am Biologischen Garten 2 28359 Bremen | Germany [\/vc_column_text][\/vc_column][vc_column width=&#8221;1\/4&#8243;][vc_column_text] Director Prof. Dr.-Ing. habil. David May Tel.: +49 421 218 58701 Fax: +49 421 218 58710 eMail: sekretariat@faserinstitut.de [\/vc_column_text][\/vc_column][vc_column width=&#8221;1\/4&#8243;][vc_column_text] Testing Laboratory Cotton\/Wool Bremer Baumwollb\u00f6rse Wachtstrasse 17-24 28195 Bremen | Germany Dr. Ern\u00f6 S\u00e0ndor N\u00e9m\u00e8th [&#8230;]<\/p>\n","protected":false},"author":1,"featured_media":4113,"parent":0,"menu_order":12,"comment_status":"closed","ping_status":"closed","template":"","meta":{"_acf_changed":false,"footnotes":""},"categories":[],"tags":[],"class_list":["post-29","page","type-page","status-publish","has-post-thumbnail","hentry"],"acf":[],"_links":{"self":[{"href":"https:\/\/www.faserinstitut.de\/en\/wp-json\/wp\/v2\/pages\/29","targetHints":{"allow":["GET"]}}],"collection":[{"href":"https:\/\/www.faserinstitut.de\/en\/wp-json\/wp\/v2\/pages"}],"about":[{"href":"https:\/\/www.faserinstitut.de\/en\/wp-json\/wp\/v2\/types\/page"}],"author":[{"embeddable":true,"href":"https:\/\/www.faserinstitut.de\/en\/wp-json\/wp\/v2\/users\/1"}],"replies":[{"embeddable":true,"href":"https:\/\/www.faserinstitut.de\/en\/wp-json\/wp\/v2\/comments?post=29"}],"version-history":[{"count":16,"href":"https:\/\/www.faserinstitut.de\/en\/wp-json\/wp\/v2\/pages\/29\/revisions"}],"predecessor-version":[{"id":4176,"href":"https:\/\/www.faserinstitut.de\/en\/wp-json\/wp\/v2\/pages\/29\/revisions\/4176"}],"wp:featuredmedia":[{"embeddable":true,"href":"https:\/\/www.faserinstitut.de\/en\/wp-json\/wp\/v2\/media\/4113"}],"wp:attachment":[{"href":"https:\/\/www.faserinstitut.de\/en\/wp-json\/wp\/v2\/media?parent=29"}],"wp:term":[{"taxonomy":"category","embeddable":true,"href":"https:\/\/www.faserinstitut.de\/en\/wp-json\/wp\/v2\/categories?post=29"},{"taxonomy":"post_tag","embeddable":true,"href":"https:\/\/www.faserinstitut.de\/en\/wp-json\/wp\/v2\/tags?post=29"}],"curies":[{"name":"wp","href":"https:\/\/api.w.org\/{rel}","templated":true}]}}

<p>[vc_row][vc_column][vc_column_text]</p>
<h1>Contact</h1>
<p>[/vc_column_text][/vc_column][/vc_row][vc_row][vc_column width=&#8221;1/4&#8243;][vc_column_text]</p>
<p><strong>Address</strong><br />
Faserinstitut Bremen e.V.<br />
Gebäude IW3<br />
Am Biologischen Garten 2<br />
28359 Bremen | Germany</p>
<p>[/vc_column_text][/vc_column][vc_column width=&#8221;1/4&#8243;][vc_column_text]</p>
<p><strong>Director</strong><br />
Prof. Dr.-Ing. habil. David May<br />
Tel.: +49 421 218 58701<br />
Fax: +49 421 218 58710<br />
eMail: sekretariat@faserinstitut.de</p>
<p>[/vc_column_text][/vc_column][vc_column width=&#8221;1/4&#8243;][vc_column_text]</p>
<p><strong>Testing Laboratory Cotton/Wool</strong><br />
Bremer Baumwollbörse<br />
Wachtstrasse 17-24<br />
28195 Bremen | Germany<br />
Dr. Ernö Sàndor Némèth<br />
Tel.: +49 421 339 7017<br />
E-Mail: nemeth@faserinstitut.de</p>
<p>[/vc_column_text][/vc_column][vc_column width=&#8221;1/4&#8243;][vc_column_text]</p>
<p><strong>ECOMAT</strong><br />
Cornelius-Edzard-Str. 15<br />
28199 Bremen</p>
<p>[/vc_column_text][/vc_column][/vc_row][vc_row][vc_column][vc_empty_space height=&#8221;128px&#8221;][/vc_column][/vc_row][vc_row][vc_column][vc_column_text]</p>
<h6></h6>
<h6></h6>
<h6>Copyright: Header-Picture 1: Harald Rehling / Universität Bremen, Header-Picture 2: Baumwollbörse Bremen, Header-Picture 3: ECOMAT/Raveling</h6>
<p>[/vc_column_text][/vc_column][/vc_row]</p>

<p>[vc_row][vc_column][vc_column_text] Contact [/vc_column_text][/vc_column][/vc_row][vc_row][vc_column width=&#8221;1/4&#8243;][vc_column_text] Address Faserinstitut Bremen e.V. Gebäude IW3 Am Biologischen Garten 2 28359 Bremen | Germany [/vc_column_text][/vc_column][vc_column width=&#8221;1/4&#8243;][vc_column_text] Director Prof. Dr.-Ing. habil. David May Tel.: +49 421 218 58701 Fax: +49 421 218 58710 eMail: sekretariat@faserinstitut.de [/vc_column_text][/vc_column][vc_column width=&#8221;1/4&#8243;][vc_column_text] Testing Laboratory Cotton/Wool Bremer Baumwollbörse Wachtstrasse 17-24 28195 Bremen | Germany Dr. Ernö Sàndor Némèth [&#8230;]</p>
